{"id":120,"date":"2025-05-29T22:01:19","date_gmt":"2025-05-29T20:01:19","guid":{"rendered":"https:\/\/petiwi.cl\/?page_id=120"},"modified":"2025-05-30T03:15:12","modified_gmt":"2025-05-30T01:15:12","slug":"nuestros-catalogos","status":"publish","type":"page","link":"https:\/\/petiwi.cl\/?page_id=120","title":{"rendered":"Nuestros Cat\u00e1logos"},"content":{"rendered":"\t\t<div data-elementor-type=\"wp-page\" data-elementor-id=\"120\" class=\"elementor elementor-120\" data-elementor-post-type=\"page\">\n\t\t\t\t<div class=\"elementor-element elementor-element-0e982b9 e-flex e-con-boxed e-con e-parent\" data-id=\"0e982b9\" data-element_type=\"container\" data-settings=\"{&quot;background_background&quot;:&quot;classic&quot;}\">\n\t\t\t\t\t<div class=\"e-con-inner\">\n\t\t\t\t<div class=\"elementor-element elementor-element-e121137 elementor-widget elementor-widget-heading\" data-id=\"e121137\" data-element_type=\"widget\" data-widget_type=\"heading.default\">\n\t\t\t\t<div class=\"elementor-widget-container\">\n\t\t\t\t\t<h2 class=\"elementor-heading-title elementor-size-default\">NUESTRO CAT\u00c1LOGO <\/h2>\t\t\t\t<\/div>\n\t\t\t\t<\/div>\n\t\t\t\t\t<\/div>\n\t\t\t\t<\/div>\n\t\t<div class=\"elementor-element elementor-element-c48bda8 e-flex e-con-boxed e-con e-parent\" data-id=\"c48bda8\" data-element_type=\"container\" data-settings=\"{&quot;background_background&quot;:&quot;classic&quot;}\">\n\t\t\t\t\t<div class=\"e-con-inner\">\n\t\t\t\t<div class=\"elementor-element elementor-element-537519a elementor-widget elementor-widget-heading\" data-id=\"537519a\" data-element_type=\"widget\" data-widget_type=\"heading.default\">\n\t\t\t\t<div class=\"elementor-widget-container\">\n\t\t\t\t\t<h2 class=\"elementor-heading-title elementor-size-default\">Haz que tus hijos y alumnos descubran<\/h2>\t\t\t\t<\/div>\n\t\t\t\t<\/div>\n\t\t\t\t<div class=\"elementor-element elementor-element-66616a2 elementor-widget elementor-widget-heading\" data-id=\"66616a2\" data-element_type=\"widget\" data-widget_type=\"heading.default\">\n\t\t\t\t<div class=\"elementor-widget-container\">\n\t\t\t\t\t<h2 class=\"elementor-heading-title elementor-size-default\">el mundo del juego y el aprendizaje<\/h2>\t\t\t\t<\/div>\n\t\t\t\t<\/div>\n\t\t\t\t<div class=\"elementor-element elementor-element-7bd1d4d elementor-widget elementor-widget-text-editor\" data-id=\"7bd1d4d\" data-element_type=\"widget\" data-widget_type=\"text-editor.default\">\n\t\t\t\t<div class=\"elementor-widget-container\">\n\t\t\t\t\t\t\t\t\t<p>En nuestro cat\u00e1logo encontrar\u00e1s una cuidada selecci\u00f3n de art\u00edculos dise\u00f1ados especialmente para el desarrollo psicomotor de los m\u00e1s peque\u00f1os. Cada producto est\u00e1 pensado para estimular su creatividad, mejorar su coordinaci\u00f3n y fortalecer sus habilidades motoras de manera divertida y segura. Desde materiales para juegos de equilibrio hasta recursos para promover la psicomotricidad gruesa y fina, todo est\u00e1 hecho para acompa\u00f1ar a tu hijo en su crecimiento y aprendizaje. \u00a1Explora nuestra colecci\u00f3n y crea experiencias \u00fanicas que favorezcan su desarrollo integral!<\/p>\t\t\t\t\t\t\t\t<\/div>\n\t\t\t\t<\/div>\n\t\t\t\t\t<\/div>\n\t\t\t\t<\/div>\n\t\t<div class=\"elementor-element elementor-element-75c7d89 e-flex e-con-boxed e-con e-parent\" data-id=\"75c7d89\" data-element_type=\"container\">\n\t\t\t\t\t<div class=\"e-con-inner\">\n\t\t<div class=\"elementor-element elementor-element-3e1e2b9 e-con-full e-flex e-con e-child\" data-id=\"3e1e2b9\" data-element_type=\"container\">\n\t\t\t\t<div class=\"elementor-element elementor-element-f554d77 elementor-widget elementor-widget-shortcode\" data-id=\"f554d77\" data-element_type=\"widget\" data-widget_type=\"shortcode.default\">\n\t\t\t\t<div class=\"elementor-widget-container\">\n\t\t\t\t\t\t\t<div class=\"elementor-shortcode\"><div class=\"_df_book df-lite\" id=\"df_195\"  _slug=\"catalogo-completo\" data-title=\"catalogo-completo\" wpoptions=\"true\" thumbtype=\"\" ><\/div><script class=\"df-shortcode-script\" nowprocket type=\"application\/javascript\">window.option_df_195 = {\"webgl\":\"false\",\"outline\":[],\"backgroundColor\":\"#fdc4ec\",\"hard\":\"cover\",\"viewerType\":\"flipbook\",\"autoEnableOutline\":\"false\",\"autoEnableThumbnail\":\"false\",\"overwritePDFOutline\":\"false\",\"enableDownload\":\"true\",\"direction\":\"1\",\"pageSize\":\"1\",\"pageMode\":\"2\",\"controlsPosition\":\"bottom\",\"soundEnable\":\"true\",\"maxTextureSize\":\"2048\",\"source\":\"https:\\\/\\\/petiwi.cl\\\/wp-content\\\/uploads\\\/2025\\\/05\\\/catalogo_completo_2018-2019_compressed-1.pdf\",\"wpOptions\":\"true\"}; if(window.DFLIP && window.DFLIP.parseBooks){window.DFLIP.parseBooks();}<\/script><\/div>\n\t\t\t\t\t\t<\/div>\n\t\t\t\t<\/div>\n\t\t\t\t<\/div>\n\t\t<div class=\"elementor-element elementor-element-6d171e4 e-con-full e-flex e-con e-child\" data-id=\"6d171e4\" data-element_type=\"container\">\n\t\t\t\t<div class=\"elementor-element elementor-element-7e39fa1 elementor-widget elementor-widget-shortcode\" data-id=\"7e39fa1\" data-element_type=\"widget\" data-widget_type=\"shortcode.default\">\n\t\t\t\t<div class=\"elementor-widget-container\">\n\t\t\t\t\t\t\t<div class=\"elementor-shortcode\"><div class=\"_df_book df-lite\" id=\"df_201\"  _slug=\"catalogo-deportivo\" data-title=\"catalogo-deportivo\" wpoptions=\"true\" thumbtype=\"\" ><\/div><script class=\"df-shortcode-script\" nowprocket type=\"application\/javascript\">window.option_df_201 = {\"webgl\":\"false\",\"outline\":[],\"backgroundColor\":\"#c4fdfc\",\"hard\":\"cover\",\"viewerType\":\"flipbook\",\"autoEnableOutline\":\"false\",\"autoEnableThumbnail\":\"false\",\"overwritePDFOutline\":\"false\",\"enableDownload\":\"true\",\"direction\":\"1\",\"pageSize\":\"1\",\"pageMode\":\"2\",\"controlsPosition\":\"bottom\",\"soundEnable\":\"true\",\"maxTextureSize\":\"2048\",\"source\":\"https:\\\/\\\/petiwi.cl\\\/wp-content\\\/uploads\\\/2025\\\/05\\\/catalogo_deportivo_definitivo-2_compressed-1.pdf\",\"wpOptions\":\"true\"}; if(window.DFLIP && window.DFLIP.parseBooks){window.DFLIP.parseBooks();}<\/script><\/div>\n\t\t\t\t\t\t<\/div>\n\t\t\t\t<\/div>\n\t\t\t\t<\/div>\n\t\t\t\t\t<\/div>\n\t\t\t\t<\/div>\n\t\t<div class=\"elementor-element elementor-element-f026142 e-flex e-con-boxed e-con e-parent\" data-id=\"f026142\" data-element_type=\"container\">\n\t\t\t\t\t<div class=\"e-con-inner\">\n\t\t<div class=\"elementor-element elementor-element-0b698cc e-con-full e-flex e-con e-child\" data-id=\"0b698cc\" data-element_type=\"container\">\n\t\t\t\t<div class=\"elementor-element elementor-element-86ae6a6 elementor-widget elementor-widget-shortcode\" data-id=\"86ae6a6\" data-element_type=\"widget\" data-widget_type=\"shortcode.default\">\n\t\t\t\t<div class=\"elementor-widget-container\">\n\t\t\t\t\t\t\t<div class=\"elementor-shortcode\"><div class=\"_df_book df-lite\" id=\"df_207\"  _slug=\"catalogo-material-didactico\" data-title=\"catalogo-material-didactico\" wpoptions=\"true\" thumbtype=\"\" ><\/div><script class=\"df-shortcode-script\" nowprocket type=\"application\/javascript\">window.option_df_207 = {\"webgl\":\"false\",\"outline\":[],\"backgroundColor\":\"#d2c4fd\",\"hard\":\"cover\",\"viewerType\":\"flipbook\",\"autoEnableOutline\":\"false\",\"autoEnableThumbnail\":\"false\",\"overwritePDFOutline\":\"false\",\"enableDownload\":\"true\",\"direction\":\"1\",\"pageSize\":\"1\",\"pageMode\":\"2\",\"controlsPosition\":\"bottom\",\"soundEnable\":\"true\",\"maxTextureSize\":\"2048\",\"source\":\"https:\\\/\\\/petiwi.cl\\\/wp-content\\\/uploads\\\/2025\\\/05\\\/DACTIC-Material-Didactico_compressed-comprimido.pdf\",\"wpOptions\":\"true\"}; if(window.DFLIP && window.DFLIP.parseBooks){window.DFLIP.parseBooks();}<\/script><\/div>\n\t\t\t\t\t\t<\/div>\n\t\t\t\t<\/div>\n\t\t\t\t<\/div>\n\t\t<div class=\"elementor-element elementor-element-80c3b6f e-con-full e-flex e-con e-child\" data-id=\"80c3b6f\" data-element_type=\"container\">\n\t\t\t\t<div class=\"elementor-element elementor-element-e58f6a5 elementor-widget elementor-widget-shortcode\" data-id=\"e58f6a5\" data-element_type=\"widget\" data-widget_type=\"shortcode.default\">\n\t\t\t\t<div class=\"elementor-widget-container\">\n\t\t\t\t\t\t\t<div class=\"elementor-shortcode\"><div class=\"_df_book df-lite\" id=\"df_214\"  _slug=\"catalogo-montessori-singapur\" data-title=\"catalogo-montessori-singapur\" wpoptions=\"true\" thumbtype=\"\" ><\/div><script class=\"df-shortcode-script\" nowprocket type=\"application\/javascript\">window.option_df_214 = {\"webgl\":\"false\",\"outline\":[],\"backgroundColor\":\"#fdcec4\",\"hard\":\"cover\",\"viewerType\":\"flipbook\",\"autoEnableOutline\":\"false\",\"autoEnableThumbnail\":\"false\",\"overwritePDFOutline\":\"false\",\"enableDownload\":\"true\",\"direction\":\"1\",\"pageSize\":\"1\",\"pageMode\":\"2\",\"controlsPosition\":\"bottom\",\"soundEnable\":\"true\",\"maxTextureSize\":\"2048\",\"source\":\"https:\\\/\\\/petiwi.cl\\\/wp-content\\\/uploads\\\/2025\\\/05\\\/DACTIC-Montessori-Singapur-PETIWI.pdf\",\"wpOptions\":\"true\"}; if(window.DFLIP && window.DFLIP.parseBooks){window.DFLIP.parseBooks();}<\/script><\/div>\n\t\t\t\t\t\t<\/div>\n\t\t\t\t<\/div>\n\t\t\t\t<\/div>\n\t\t\t\t\t<\/div>\n\t\t\t\t<\/div>\n\t\t<div class=\"elementor-element elementor-element-29caae5 e-flex e-con-boxed e-con e-parent\" data-id=\"29caae5\" data-element_type=\"container\">\n\t\t\t\t\t<div class=\"e-con-inner\">\n\t\t<div class=\"elementor-element elementor-element-9eeb11c e-con-full e-flex e-con e-child\" data-id=\"9eeb11c\" data-element_type=\"container\">\n\t\t\t\t<div class=\"elementor-element elementor-element-4c2263a elementor-widget elementor-widget-shortcode\" data-id=\"4c2263a\" data-element_type=\"widget\" data-widget_type=\"shortcode.default\">\n\t\t\t\t<div class=\"elementor-widget-container\">\n\t\t\t\t\t\t\t<div class=\"elementor-shortcode\"><div class=\"_df_book df-lite\" id=\"df_223\"  _slug=\"catalogo-sensorial\" data-title=\"catalogo-sensorial\" wpoptions=\"true\" thumbtype=\"\" ><\/div><script class=\"df-shortcode-script\" nowprocket type=\"application\/javascript\">window.option_df_223 = {\"webgl\":\"false\",\"outline\":[],\"backgroundColor\":\"#c6fdc4\",\"hard\":\"cover\",\"viewerType\":\"flipbook\",\"autoEnableOutline\":\"false\",\"autoEnableThumbnail\":\"false\",\"overwritePDFOutline\":\"false\",\"enableDownload\":\"true\",\"direction\":\"1\",\"pageSize\":\"1\",\"pageMode\":\"2\",\"controlsPosition\":\"bottom\",\"soundEnable\":\"true\",\"maxTextureSize\":\"2048\",\"source\":\"https:\\\/\\\/petiwi.cl\\\/wp-content\\\/uploads\\\/2025\\\/05\\\/CATALOGO-SENSORIAL.pdf\",\"wpOptions\":\"true\"}; if(window.DFLIP && window.DFLIP.parseBooks){window.DFLIP.parseBooks();}<\/script><\/div>\n\t\t\t\t\t\t<\/div>\n\t\t\t\t<\/div>\n\t\t\t\t<\/div>\n\t\t<div class=\"elementor-element elementor-element-b9119a1 e-con-full e-flex e-con e-child\" data-id=\"b9119a1\" data-element_type=\"container\">\n\t\t\t\t<div class=\"elementor-element elementor-element-759bd44 elementor-widget elementor-widget-shortcode\" data-id=\"759bd44\" data-element_type=\"widget\" data-widget_type=\"shortcode.default\">\n\t\t\t\t<div class=\"elementor-widget-container\">\n\t\t\t\t\t\t\t<div class=\"elementor-shortcode\"><div class=\"_df_book df-lite\" id=\"df_230\"  _slug=\"catalogo-escolar-2025\" data-title=\"catalogo-escolar-2025\" wpoptions=\"true\" thumbtype=\"\" ><\/div><script class=\"df-shortcode-script\" nowprocket type=\"application\/javascript\">window.option_df_230 = {\"webgl\":\"false\",\"outline\":[],\"backgroundColor\":\"#c4e8fd\",\"hard\":\"cover\",\"viewerType\":\"flipbook\",\"autoEnableOutline\":\"false\",\"autoEnableThumbnail\":\"false\",\"overwritePDFOutline\":\"false\",\"enableDownload\":\"true\",\"direction\":\"1\",\"pageSize\":\"1\",\"pageMode\":\"2\",\"controlsPosition\":\"bottom\",\"soundEnable\":\"true\",\"maxTextureSize\":\"2048\",\"source\":\"https:\\\/\\\/petiwi.cl\\\/wp-content\\\/uploads\\\/2025\\\/05\\\/CATALOGO-2025-ESCOLAR.pdf\",\"wpOptions\":\"true\"}; if(window.DFLIP && window.DFLIP.parseBooks){window.DFLIP.parseBooks();}<\/script><\/div>\n\t\t\t\t\t\t<\/div>\n\t\t\t\t<\/div>\n\t\t\t\t<\/div>\n\t\t\t\t\t<\/div>\n\t\t\t\t<\/div>\n\t\t<div class=\"elementor-element elementor-element-f98237c e-flex e-con-boxed e-con e-parent\" data-id=\"f98237c\" data-element_type=\"container\">\n\t\t\t\t\t<div class=\"e-con-inner\">\n\t\t<div class=\"elementor-element elementor-element-3aefc73 e-con-full e-flex e-con e-child\" data-id=\"3aefc73\" data-element_type=\"container\">\n\t\t\t\t<div class=\"elementor-element elementor-element-314a3cc elementor-widget elementor-widget-shortcode\" data-id=\"314a3cc\" data-element_type=\"widget\" data-widget_type=\"shortcode.default\">\n\t\t\t\t<div class=\"elementor-widget-container\">\n\t\t\t\t\t\t\t<div class=\"elementor-shortcode\"><div class=\"_df_book df-lite\" id=\"df_243\"  _slug=\"catalogo-motricidad-gruesa\" data-title=\"catalogo-motricidad-gruesa\" wpoptions=\"true\" thumbtype=\"\" ><\/div><script class=\"df-shortcode-script\" nowprocket type=\"application\/javascript\">window.option_df_243 = {\"webgl\":\"false\",\"outline\":[],\"backgroundColor\":\"#fff3c3\",\"hard\":\"cover\",\"viewerType\":\"flipbook\",\"autoEnableOutline\":\"false\",\"autoEnableThumbnail\":\"false\",\"overwritePDFOutline\":\"false\",\"enableDownload\":\"true\",\"direction\":\"1\",\"pageSize\":\"1\",\"pageMode\":\"2\",\"controlsPosition\":\"bottom\",\"soundEnable\":\"true\",\"maxTextureSize\":\"2048\",\"source\":\"https:\\\/\\\/petiwi.cl\\\/wp-content\\\/uploads\\\/2025\\\/05\\\/Motricidad_Gruesa_Petiwi.pdf\",\"wpOptions\":\"true\"}; if(window.DFLIP && window.DFLIP.parseBooks){window.DFLIP.parseBooks();}<\/script><\/div>\n\t\t\t\t\t\t<\/div>\n\t\t\t\t<\/div>\n\t\t\t\t<\/div>\n\t\t\t\t\t<\/div>\n\t\t\t\t<\/div>\n\t\t\t\t<\/div>\n\t\t","protected":false},"excerpt":{"rendered":"<p>NUESTRO CAT\u00c1LOGO Haz que tus hijos y alumnos descubran el mundo del juego y el aprendizaje En nuestro cat\u00e1logo encontrar\u00e1s una cuidada selecci\u00f3n de art\u00edculos dise\u00f1ados especialmente para el desarrollo psicomotor de los m\u00e1s peque\u00f1os. Cada producto est\u00e1 pensado para estimular su creatividad, mejorar su coordinaci\u00f3n y fortalecer sus habilidades motoras de manera divertida y [&hellip;]<\/p>\n","protected":false},"author":2,"featured_media":0,"parent":0,"menu_order":0,"comment_status":"closed","ping_status":"closed","template":"","meta":{"footnotes":""},"class_list":["post-120","page","type-page","status-publish","hentry"],"_links":{"self":[{"href":"https:\/\/petiwi.cl\/index.php?rest_route=\/wp\/v2\/pages\/120","targetHints":{"allow":["GET"]}}],"collection":[{"href":"https:\/\/petiwi.cl\/index.php?rest_route=\/wp\/v2\/pages"}],"about":[{"href":"https:\/\/petiwi.cl\/index.php?rest_route=\/wp\/v2\/types\/page"}],"author":[{"embeddable":true,"href":"https:\/\/petiwi.cl\/index.php?rest_route=\/wp\/v2\/users\/2"}],"replies":[{"embeddable":true,"href":"https:\/\/petiwi.cl\/index.php?rest_route=%2Fwp%2Fv2%2Fcomments&post=120"}],"version-history":[{"count":61,"href":"https:\/\/petiwi.cl\/index.php?rest_route=\/wp\/v2\/pages\/120\/revisions"}],"predecessor-version":[{"id":266,"href":"https:\/\/petiwi.cl\/index.php?rest_route=\/wp\/v2\/pages\/120\/revisions\/266"}],"wp:attachment":[{"href":"https:\/\/petiwi.cl\/index.php?rest_route=%2Fwp%2Fv2%2Fmedia&parent=120"}],"curies":[{"name":"wp","href":"https:\/\/api.w.org\/{rel}","templated":true}]}}